 - 4*t**2 + 4*t + 2. Suppose 0*g = -12*g - 84. Let r(v) be the second derivative of -v**3/3 - 19*v**2/2 - 5*v. Let y be r(g). Calculate u(y).
7
Let g(s) = -s**3 + 17*s**2 - 3*s - 5. Suppose 844*j - 187 = 833*j. Determine g(j).
-56
Let a(g) = -3*g**3 + 8 + g - 2 - 5 - 3*g. Suppose -5*i = -3*h + 18, -5*h - i - 3 = -5. Let l be a(h). Let b(s) = -s**3 - 4*s**2 - 2*s - 4. Give b(l).
4
Let x(h) = h**3 + h**2 - 3*h - 5. Suppose 68*b + 44 = -8*b - 260. Determine x(b).
-41
Suppose -4*p + 80 = -8*p. Let a = 20 + p. Let r(n) = -2*n + 3. Let l(j) = -5*j + 8. Let o(h) = l(h) - 3*r(h). Determine o(a).
-1
Let q(p) = 3*p**3 + 4*p**2 - 2. Suppose -13 - 43 = 37*j - 9*j. Calculate q(j).
-10
Let q(g) be the third derivative of -1/120*g**6 + 1/6*g**3 + 73*g**2 + 0*g + 0 + 1/30*g**5 + 1/8*g**4. What is q(3)?
1
Let d = 450 + -756. Let t = d - -314. Let v(k) = -k**2 + 11*k - 9. Calculate v(t).
15
Suppose 0 = 11*z + 4*z - 120. Let x(o) = -10*o - z*o**3 + 15*o**3 - 15 - 10*o**2 - 1 - 6*o**3. Calculate x(11).
-5
Let b(w) be the third derivative of -w**6/120 + w**5/10 + w**4/4 - 4*w**3/3 - 3984*w**2. Suppose p - 3*k - 7 - 9 = 0, -p - k = -4. Determine b(p).
-15
Let c(q) be the second derivative of -q**4/12 + 4*q**3/3 - 6*q**2 - 97*q - 41. What is c(6)?
0
Let a(n) = 20*n**2 - 10*n. Let i(d) = 3*d**3 + 3*d**2 - 56*d - 13. Let u be i(4). Give a(u).
150
Suppose 2*j - 21 = -q + 6, 5*j + 4*q = 63. Suppose -16*d + 19*d - j = 0. Let f(w) = 9*w + w**3 + d*w**2 + 7 - 6*w - w. Determine f(-5).
-3
Let f(d) be the first derivative of 3*d**4/2 - d + 497. What is f(1)?
5
Suppose 5*r = 3*f - 29, 2*f - 8*r = -12*r - 10. Suppose 4*s = -f*s + 14. Let i(c) = -6*c + 9*c**2 - 13*c**3 + 8*c**3 - 7 + 6*c**3 - 4*c**s. Calculate i(-6).
-7
Suppose -4*g - g + 37 = -3*z, -2*z = -2*g + 18. Suppose p - 2*y + 1 = 0, -29*y = 5*p - 34*y - 20. Let j(w) = -1 + 7 - p - g*w + w**2 + 10. Determine j(6).
13
Let w(y) = 4*y + 1. Let q = -259 + 255. Give w(q).
-15
Let x(f) be the first derivative of -f**3/3 + 3*f**2 + 8*f - 5. Suppose -5*n + 219 = 69. Suppose -36 = -z - n. Determine x(z).
8
Let i(l) = 20*l - 5 - 16*l + 5 + 2. Let h be i(1). Let p(j) = -2*j**2 + 15*j + 5. Let g(t) = -t**2 + 7*t + 3. Let y(f) = -7*g(f) + 3*p(f). Determine y(h).
6
Let o(c) be the second derivative of c**3/6 + 11*c**2 + 1122*c. Calculate o(13).
35
Let h(w) = 4 + 225*w**2 - w**3 + 4*w - 105*w**2 - 114*w**2. Give h(7).
-17
Let z(j) = 4*j**2 + j + 8. Suppose 0 = -1258*l + 1314*l. Give z(l).
8
Let r(w) = 5 - 3*w**2 + 7*w - 47*w + 4*w + 15*w. Let v(t) = -2*t**2 - 11*t + 2. Let n(u) = -3*r(u) + 5*v(u). Give n(6).
7
Let u = 18 - 16. Suppose 0 = v - u*p + 5, -3*v + 3*p = 8*p - 40. Let f(d) = -d**2 - 2. Give f(v).
-27
Suppose 0 = -5*c - 370 + 1085. Let b = c - 70. Let h = b - 72. Let s(n) = -4*n. Give s(h).
-4
Let j(q) = q. Let m = -371 - -350. Suppose 3*t + 53 = 2*a - 38, 5*t + 5*a + 110 = 0. Let s = t - m. What is j(s)?
-6
Let z = 39 - 35. Suppose -16 = -z*n, 0 = -5*l + 4*n - 2 + 1. Suppose -5*s + 1 + 16 = -r, 5*s - 49 = -l*r. Let x(m) = -m**2 + 8*m - 5. What is x(r)?
-5
Let r be -19 + 30 - -4*2/4. Let t(i) = i**3 - 14*i**2 + 26. Calculate t(r).
-143
Suppose p - 2*p = -2. Let w(o) = -89*o - 207*o**3 + 172*o - 1 + 208*o**3 - 81*o + 1. What is w(p)?
12
Let w(s) = -s - 4. Let d be w(3). Let a(l) be the first derivative of l**3/3 + 5*l**2/2 - 7*l - 6352. Determine a(d).
7
Let y(k) be the second derivative of -k**5/20 + 5*k**4/12 - 7*k**3/6 + 9*k**2/2 - 791*k. Give y(3).
6
Let x be -20*3/(-2)*8/(-24). Let z(q) = -20*q - 14 + 12*q + 7*q. What is z(x)?
-4
Let o(v) = 77*v**2 - 46*v + 30. Let s(l) = -5*l**2 + 3*l - 2. Let j(i) = o(i) + 15*s(i). Let b = 1 - 0. Determine j(b).
1
Let y = 3 - 6. Let z(l) be the second derivative of -l**4/6 - l**3/2 + l**2 + 11032*l + 4. Calculate z(y).
-7
Suppose -1574 - 3772 = -20*z + 182*z. Let q(p) = p**3 + 35*p**2 + 58*p - 262. Determine q(z).
2
Suppose 2*n = -179 + 33. Let x = 71 + n. Let r(m) = m**3 + 2*m**3 - 4*m**2 - 1 - 2*m**3 - 3*m. What is r(x)?
-19
Let y(w) = -w**2 - w + 47. Let g be 9/(-12)*(33 + -26 + (-49)/3). Give y(g).
-9
Suppose -2*s + 293 = 5*n, 3*n - 4*s + 55 = 4*n. Let q(p) = 17 - 6*p - p**2 - n + 20 + 12. Calculate q(-4).
-2
Let g(k) = -15 + 18*k - 2*k - 7*k - 13*k. Calculate g(-5).
5
Let f(j) = 3*j + 74. Let m = 3732 + -3757. Determine f(m).
-1
Let j = 318974 - 318975. Let y(a) = 12*a - 2 + 2. Determine y(j).
-12
Let n(k) be the third derivative of -k**4/24 + 90*k**2. Suppose 6 + 14 = x. Let h = x + -17. What is n(h)?
-3
Let r be (-2)/(-4 + -4 + 7). Let b(d) = 3 + d**2 - r*d - 134*d**3 + 1 + 136*d**3. Calculate b(-3).
-35
Suppose 532 - 540 = -x. Let p(j) = -9*j**3 + 25*j**2 - 21*j - 3. Let r(v) = 5*v**3 - 13*v**2 + 11*v + 1. Let u(i) = -4*p(i) - 7*r(i). Determine u(x).
-3
Let z(c) = c**2 - 3*c + 1. Suppose 1029 = 24*f - 291. Let j = -53 + f. Give z(j).
-1
Let f(t) be the first derivative of 3*t**2/2 - 3*t + 1. Let u(x) = 15*x**3 - 5*x**2 - 26*x + 100. Let y be u(4). Let g = -881 + y. Determine f(g).
-18
Let l(i) = -4 + 26*i + 19*i + 26*i + 16*i - 78*i. Calculate l(1).
5
Let f(k) = -938*k + 6564. Let u be f(7). Let s(v) = -74*v - 25. Calculate s(u).
123
Let w(v) = 3*v + 1. Let l(t) = t. Let x(n) = -7*l(n) + 3*w(n). Suppose -m = 12*b + 66 + 11, -2*m + 14 = -4*b. Determine x(b).
-9
Let x(y) = 46*y**2 + 179*y - 5. Let g(n) = 12*n**3 - 277*n**2 + 20*n + 65. Let c be g(23). What is x(c)?
15
Let h(w) = 2*w + 3. Let s(b) = -1. Let t(l) = h(l) + 2*s(l). Let v = 1467806 + -1467803. Determine t(v).
7
Let d(k) = k**3 + 4*k**2 + 4*k + 3. Let b(q) = q**3 + q - 7 - 14*q**2 - 3 - 1. Let m be b(14). Suppose 0 = -2*l - 3*a - 0*a + 6, m*l + 3*a = 3. Determine d(l).
0
Suppose u = -0 - 4, 2*a - 5*u = 22. Let y(v) be the third derivative of v**6/30 - v**5/30 - v**4/24 + v**3/3 - 185*v**2. Determine y(a).
3
Let k(m) be the first derivative of -m**2/2 - 3*m + 69. Let d be k(-5). Let h(x) = 3*x - 3. Give h(d).
3
Let k(r) = 4*r**3 + 48*r**2 - 2*r - 3. Let v(i) = -3*i**3 - 40*i**2 + i + 2. Let f(p) = -5*k(p) - 6*v(p). Calculate f(-2).
11
Let z(k) = -20*k + 1. Let a(c) be the third derivative of c**4/24 - 23*c**3/6 - 3*c**2. Let n be a(5). Let j = n - -17. Give z(j).
21
Let o(j) = 2*j - 19. Let u(y) = y - 9. Let z(a) = 2*o(a) - 5*u(a). Let s(q) = -q**2 + 20*q + 29. Let d be s(21). What is z(d)?
-1
Let s = -98 - -107. Suppose j + 4*q - 4 = 2*q, -4*j + 4 = -4*q. Let g(h) = h**j + 23 - 26 - 9*h + 0*h. Give g(s).
-3
Let f(n) = n**3 + 3*n**2 - 2*n + 5. Suppose -3*d + 13*d - 80 = 0. Let k(p) = p**3 + 4*p**2 - p + 20. Let a be k(-5). Suppose -7*q - 20 - d = a. Calculate f(q).
-3
Suppose 17 = 1138*d - 1137*d. Suppose 61 + 58 = d*u. Let x(c) = -c**2 + 4*c - 9. Determine x(u).
-30
Let l(v) = -v**3 + 14*v**2 - 12*v + 2. Let g be l(13). Suppose -6*f = -15 - g. Suppose 14*r + 63 = f*r. Let w(u) = -u**3 - 7*u**2 + u + 5. Calculate w(r).
-2
Let v(x) be the second derivative of x**5/20 + x**4/3 + x**3/2 - 3*x**2/2 + 583*x - 1. Calculate v(-4).
-15
Let s(h) = -5*h + 15 - h + 7*h - 29 - 34. Calculate s(7).
-41
Let j(p) = 59*p + 2527. Let w be j(-43). Let o(z) = -4*z**2 - 6*z + 0*z**2 + 4 + 3*z**2 + 9. Determine o(w).
-27
Suppose 1 = -0*l + l, 2*l = -n + 2. Suppose r + r + 8 = n. Let x(v) be the first derivative of v**4/4 + v**3 - 3*v**2/2 + v + 158093. What is x(r)?
-3
Let v(k) be the second derivative of -k**5/20 + 7*k**4/12 + 7*k**3/6 + 7*k**2 - 4607*k. Calculate v(8).
6
Let d(j) be the third derivative of j**4/4 - j**3/6 - 12033*j**2. Let w(s) = -5*s**3 - s**2 - s - 1. Let q be w(-1). Determine d(q).
23
Let o(x) = -x**3 - 15*x**2 + x + 19. Suppose -28*g + 15*g = 0. Suppose g = 17*v + 184 + 71. Calculate o(v).
4
Let h(r) = -5*r**3 - 9*r**2 + 6*r + 15. Let m(a) = -4*a**3 - 8*a**2 + 5*a + 13. Let j(u) = 3*h(u) - 4*m(u). Give j(-6).
-31
Let i(n) = 25*n + 3. Let o be 22/(66/(-27)) - (-4 - 2). Calculate i(o).
-72
Let v(n) = n**2 + n + 4. Suppose -z - 1 + 0 = 0, 3*o - 9 = -3*z. Suppose 0 = o*r - 24*r - 60. What is v(r)?
10
Let u(v) be the first derivative of -9*v**4/4 + v**3/3 - v**2 + v + 3735. What is u(1)?
-9
Let h(b) = -b**2 - 4*b + 2. Let z be h(-2). Let f(g) = g**3 - 5*g**2 - 5*g - 5. Calculate f(z).
1
Let q(d) = 0*d**3 + 43*d**2 + d**3 + 40*d**2 - 113*d**2 + 40*d**2 - 18*d - 33. Calculate q(-11).
44
Let i(y) be the second derivative o